{"id":10,"date":"2016-09-28T11:07:23","date_gmt":"2016-09-28T09:07:23","guid":{"rendered":"http:\/\/www.salkanovic.at\/?page_id=10"},"modified":"2016-09-29T07:47:22","modified_gmt":"2016-09-29T05:47:22","slug":"ueber-mich","status":"publish","type":"page","link":"http:\/\/www.salkanovic.at\/?page_id=10","title":{"rendered":"\u00dcber mich"},"content":{"rendered":"<p><img loading=\"lazy\" class=\"alignleft wp-image-24 size-full\" src=\"http:\/\/www.salkanovic.at\/wp-content\/uploads\/2016\/09\/salkanovicjasminka.png\" alt=\"salkanovicjasminka\" width=\"181\" height=\"250\" \/>Mag. Salkanovic Jasminka<br \/>\nGeburtsdatum: 02.04.1959<br \/>\nStaatsb\u00fcrgerschaft: \u00d6sterreich<\/p>\n<p><strong>H\u00f6chste abgeschlossene Ausbildungen:<\/strong><\/p>\n<p><em>Studium der Wirtschafts- und Sozialwissenschaften<\/em><br \/>\n<em>Erfolgreicher Abschluss als Dipl. Ecc. in Tuzla, 1981<\/em><br \/>\n<em>Nostrifikation an der WU Wien als Mag. rer. soc. oec, 1997<br \/>\nBilanzbuchhalterpr\u00fcfung WIFI Wien, 1997<\/em><\/p>\n<p>&nbsp;<\/p>\n<p><strong>Weiterbildungen:<\/strong><\/p>\n<div><em>Bilanzbuchhalterpr\u00fcfung<\/em><\/div>\n<div><em>Ausbildung und Zulassung zur Steuerberaterpr\u00fcfung bei der Kammer der Wirtschaftstreuh\u00e4nder<\/em><\/div>\n<div><em>Teilnahme am Lehrgang Personalverrechnung<\/em><\/div>\n<div><em>WIFI M\u00f6dling\u00a0Teilnahme an abgabenrechtlichen, betriebswirtschaftlichen und IFRS\u00a0Kursen<\/em><\/div>\n<p>&nbsp;<\/p>\n<div class=\"page\" title=\"Page 2\">\n<p><strong>Sprachen:<\/strong><\/p>\n<\/div>\n<div class=\"page\" title=\"Page 2\">\n<p>Deutsch, Bosnisch, Kroatisch, Serbisch (Muttersprache)<\/p>\n<\/div>\n","protected":false},"excerpt":{"rendered":"<p>Mag. Salkanovic Jasminka Geburtsdatum: 02.04.1959 Staatsb\u00fcrgerschaft: \u00d6sterreich H\u00f6chste abgeschlossene Ausbildungen: Studium der Wirtschafts- und Sozialwissenschaften Erfolgreicher Abschluss als Dipl. Ecc. in Tuzla, 1981 Nostrifikation an der WU Wien als Mag. &#8230;<\/p>\n","protected":false},"author":1,"featured_media":0,"parent":0,"menu_order":2,"comment_status":"closed","ping_status":"closed","template":"","meta":[],"_links":{"self":[{"href":"http:\/\/www.salkanovic.at\/index.php?rest_route=\/wp\/v2\/pages\/10"}],"collection":[{"href":"http:\/\/www.salkanovic.at\/index.php?rest_route=\/wp\/v2\/pages"}],"about":[{"href":"http:\/\/www.salkanovic.at\/index.php?rest_route=\/wp\/v2\/types\/page"}],"author":[{"embeddable":true,"href":"http:\/\/www.salkanovic.at\/index.php?rest_route=\/wp\/v2\/users\/1"}],"replies":[{"embeddable":true,"href":"http:\/\/www.salkanovic.at\/index.php?rest_route=%2Fwp%2Fv2%2Fcomments&post=10"}],"version-history":[{"count":13,"href":"http:\/\/www.salkanovic.at\/index.php?rest_route=\/wp\/v2\/pages\/10\/revisions"}],"predecessor-version":[{"id":50,"href":"http:\/\/www.salkanovic.at\/index.php?rest_route=\/wp\/v2\/pages\/10\/revisions\/50"}],"wp:attachment":[{"href":"http:\/\/www.salkanovic.at\/index.php?rest_route=%2Fwp%2Fv2%2Fmedia&parent=10"}],"curies":[{"name":"wp","href":"https:\/\/api.w.org\/{rel}","templated":true}]}}